x**3 - 8*x**2 + 9*x - 2. What is the units digit of t(5)?
8
Suppose q + 3*q - 12 = 0. What is the tens digit of (7 - 4)/(q/26)?
2
Suppose -k - 1 = 0, -6*l + k = -l - 16. What is the units digit of -4 + (-4 - (-33)/l)?
3
Let k(a) be the second derivative of a**5/20 - a**4/12 - a**3/2 + a**2 + 3*a. What is the tens digit of k(3)?
1
Let t be -1 + (2 - -1) + 2. Suppose -c + t*c = 15. What is the units digit of c?
5
Let n = -25 + 45. What is the units digit of n?
0
Let d(x) = x**2 + 2*x - 9. Let a be d(9). Let p = -57 + a. What is the tens digit of p?
3
Let y be ((-5)/2)/(1/(-2)). Suppose 4*n - 3*n = y*q - 260, 0 = -n + 5. What is the tens digit of q?
5
What is the hundreds digit of 6/(-9)*(-1812)/8?
1
Suppose -2*d - 16 = -3*d. Let o(z) = z**3 + 3*z**2 - 4*z + 2. Let q be o(-4). Suppose q*p - d = -0*p. What is the units digit of p?
8
Suppose 3*t + 9 = 2*d + 8*t, -3*d = -2*t - 4. Suppose 4*c - 22 = -2. Suppose -c*q + 65 = 5*v - 0*q, 2*v + d = 5*q. What is the units digit of v?
9
Let r(p) = 2*p. Let t be (-4)/(-10) - 46/(-10). Let l be r(t). What is the units digit of 1*(3 - l)*-1?
7
Let a(d) = 6*d + 8. What is the units digit of a(4)?
2
Suppose 0 = 4*k - 2*y - 234, 0 = 2*k + y + 4*y - 123. What is the tens digit of k?
5
Let n(r) = 5*r**2 + r - 1. Let f be n(1). Suppose -2*j + 4*j - 34 = -4*v, -f*v = 15. What is the units digit of j?
3
Suppose 0 = -0*q + 2*q - 24. Let y = 23 - q. What is the tens digit of y?
1
Let v(z) = z + 4. Let i be v(-2). What is the tens digit of ((-20)/(-8))/(i/8)?
1
Let r be 16/(3 + -1 - 0). Suppose -5*l - 3*m = -l + 3, -r = -l + m. What is the units digit of l?
3
Suppose 0 = -10*l + 6*l + 620. What is the hundreds digit of l?
1
Suppose -r = 4*o - 41, 169 = 6*r - r + 2*o. Suppose 5*w - r = 37. Suppose 0*i - 4*v - w = -i, -18 = -3*i + 4*v. What is the units digit of i?
2
Let h(u) = 2*u - 7. Let z be h(5). Let x be ((-24)/16)/(z/(-8)). What is the tens digit of (-7)/x*(2 + -14)?
2
Let o(i) = i**3 + 7*i**2 + 5*i - 7. Let y be o(-5). Suppose 3*a + 0*a + 5*q = 38, -5*a + 18 = -3*q. Suppose -3*l + y - a = 0. What is the units digit of l?
4
Suppose u + 0*w - 3*w = 12, 0 = -2*u + 2*w + 12. Suppose -2*p + 4*n = 8, -u*n + 8 = p + n. Let o = 1 + p. What is the units digit of o?
1
Suppose -j - 16 = -62. What is the tens digit of j?
4
Let b be 20/30 + 43/3. Let q = 23 - b. What is the units digit of q?
8
Let r(v) be the second derivative of 5*v**3/6 - 3*v**2/2 - 3*v. Let x be r(3). Let j = 3 + x. What is the units digit of j?
5
What is the units digit of (-6)/(-72)*3 - (-262)/8?
3
Let p = 624 + -419. What is the hundreds digit of p?
2
Suppose 3*z + 2 = 5. What is the units digit of (11/(-1))/(z/(-4))?
4
Suppose -4*l = x - 2 - 12, 5*x = -5*l - 5. Suppose 2*p - p = -3. Let h = p - x. What is the units digit of h?
3
Suppose 0 = -2*q + q + 4. Let v(r) = r**3 - 3*r**2 - 2*r - 1. Let b be v(q). Suppose 0 = -3*y - h + 22, -b*y + 5*h + 4 = -3*y. What is the units digit of y?
6
Let w(c) = -2*c - 3. Suppose 0 = 4*x + f + 39, 4*x - 4*f + 53 = x. Let m be w(x). Suppose -m = -3*l + 29. What is the tens digit of l?
1
Suppose -3*k + 81 = -m - 4*m, 2*k = 2*m + 58. What is the units digit of k?
2
Let w(t) = 4*t. Let z be w(1). Let c(u) = z*u**2 + 2*u + 0*u**3 - 3*u**3 + 4*u**3 + 3. What is the units digit of c(-3)?
6
Suppose b = -4*x + 56, 0 = -x - 4*b + 5 + 24. What is the units digit of (x/2)/((-3)/(-6))?
3
Suppose 3*d + 15 = 0, -r - 26 = -2*r + 4*d. Suppose r*v = 3*v + 6. What is the units digit of v - (2 - 11 - -2)?
9
Let i be (-2120)/70 - (-2)/7. Let d = -12 - i. What is the units digit of d?
8
Let i be ((-50)/(-15))/((-2)/3). Let x = 24 - i. What is the tens digit of x?
2
Suppose 14 = 3*u + 4*k, 5*u - 2 = 3*k + 2. Let y = 2 + u. What is the units digit of y?
4
Let g(c) = 63*c + 6*c**2 - 39*c**2 - 16*c**2. Let n(a) = -3*a**2 + 4*a. Let v(y) = -4*g(y) + 63*n(y). What is the units digit of v(1)?
7
Let y(u) = 6*u + 1. Let d be y(5). Let c = -19 + d. What is the units digit of c?
2
Suppose 20 - 110 = -p. Let n = -44 + p. What is the units digit of n?
6
Let f = -18 - 4. Let t = 48 + f. What is the units digit of t?
6
Let c(q) = -q + 14. What is the units digit of c(8)?
6
Suppose -p + i = -1 - 63, -2*p = 3*i - 123. Suppose f + p = -2*f. Let w = 30 + f. What is the units digit of w?
9
Suppose 0 = -5*d - y - 2*y - 44, -4*y - 33 = 3*d. Let w(j) = -8*j + 0*j - j**3 + 1 - 4 - 8*j**2. What is the units digit of w(d)?
4
Suppose k = -2*k + 24. What is the units digit of 8*(-2 - (-26)/k)?
0
What is the tens digit of ((-30)/(-12))/(2/20)?
2
Let a = -80 + 124. Suppose a = -o + 3*o. What is the tens digit of o?
2
Let w be (12/(-21))/(2/(-7)). Suppose -48 = -2*z - w*z. What is the units digit of z?
2
Let h(z) = z**2 - z + 3. Let x be h(6). Suppose 2*y = -0*y + 5*r + 46, 5*r + x = y. What is the units digit of y?
3
Suppose -4*y + 1 = -c - 3, 8 = 2*y + c. Suppose 4*r - 8 = 5*l, -y*r = -3*r + 2. What is the units digit of (l - -1)*(2 + 0)?
2
Suppose -1 - 19 = -5*l. Suppose 48 = -f + l*f. What is the tens digit of f?
1
Let y = 4 - -9. Let o = y + 1. What is the units digit of o?
4
Suppose 0 = -4*o - 6 - 10. Let v = o - -5. What is the units digit of v?
1
Let t(l) = -l**3 + 8*l**2 - 6*l - 7. Let p be t(5). Let k = 64 - p. What is the units digit of k?
6
Let w(x) = x + 3. Suppose -3*v + y + 28 = 0, -v - 4*y = 2*v - 53. What is the units digit of w(v)?
4
Let n(x) = 11*x**2 + 13*x + 9. Let u(h) = -6*h**2 - 7*h - 5. Let d(r) = -3*n(r) - 5*u(r). Let v be d(-2). What is the units digit of -2 + (-2 - (v + 1))?
1
Let w(y) be the second derivative of 11*y**3/6 - y**2/2 - y. Let p be w(1). Suppose 5*j = -0 + p. What is the units digit of j?
2
Let i(h) = -2*h**3 - 5*h**2 - 3*h + 2. What is the units digit of i(-4)?
2
Suppose -l - 4*l = -250. Suppose 2*n - l = -3*n. What is the tens digit of n?
1
Let v(d) = -6*d + 11. What is the tens digit of v(-7)?
5
Suppose -17 + 82 = 5*c. Let k = -7 + c. What is the tens digit of (-39)/(-12)*(-2 + k)?
1
Let x be 2 + -3 - (-51 - 0). Suppose 0 = -5*n - 0*n + x. What is the units digit of n?
0
Let t be (-2)/(-10) - (-38)/10. Let q = -2 + t. What is the units digit of -3*q/(-3)*1?
2
Suppose -12 - 2 = -2*m. Let v(n) = -n**2 + 7*n. Let u be v(m). Suppose u = 3*q - 3 - 12. What is the units digit of q?
5
Suppose -31 - 14 = -w. What is the tens digit of w?
4
Let u(c) = -c + 9. Let w be u(6). Suppose -3*j = -w*p + 42, -34 = -3*p + 2*j - j. What is the tens digit of p?
1
Let z(w) = -w**3 + 6*w**2 + w + 4. What is the tens digit of z(6)?
1
Let y = -5 - -5. Suppose y = q + 3*q - 20. What is the units digit of q?
5
Let m(x) = -x**2 - 5*x + 7. Let p = -13 - -7. What is the units digit of m(p)?
1
Let m(l) = 4*l + 7. What is the units digit of m(10)?
7
Suppose -4*z + 4*c = 7*c - 153, 2*z - 57 = 5*c. What is the tens digit of z?
3
Let o(n) = -n**3 + 7*n**2 + 8*n - 5. Let w be o(8). Let c(t) = t**3 + 6*t**2 + 2*t - 3. Let u be c(w). What is the units digit of (u/(-5))/(12/(-90))?
8
Suppose -5*q + q + f = -45, -2*q - 5*f = -39. What is the units digit of -1 + (-4)/(q/(-99))?
2
What is the units digit of (-30)/15*-2*(-114)/(-8)?
7
Let u be 48 + (-1 + 6 - 2). Suppose -3*w = -u + 21. What is the tens digit of w?
1
Let d(y) = y + 2. Suppose 0 = 3*c + c. Let h be d(c). Suppose 0 = -4*i + 5*l + 15, 4*l = h*i - 5*i + 19. What is the units digit of i?
5
Suppose 0 = -5*q - 5*f + 100, 2*q - 4*f - 34 = -0*f. Suppose 2 = -a + q. What is the units digit of a?
7
What is the units digit of -3 + ((-144)/(-4) - 3)?
0
Let z(o) = o**3 + o**2 + o + 15. Suppose 0*c = -c. What is the tens digit of z(c)?
1
Let n(k) = k**2 + 3*k + 4. Let d(c) = -c**3 - c**2 - 5. Let u be d(0). What is the tens digit of n(u)?
1
Let b(t) = t**3 - 4*t**2 + 3*t. Let s be b(3). Suppose s = -5*h + h - 24. What is the units digit of ((-2)/(-3))/(h/(-27))?
3
Let p be (-190)/12 + (-2)/12. Suppose -2*q + n + 0 = -7, 0 = 3*q + 4*n - 27. What is the units digit of (p/q)/(2/(-5))?
8
Let d(p) = -p**3 + 3*p**2 + 2*p - 12. What is the hundreds digit of d(-5)?
1
What is the hundreds digit of ((-185)/1)/(-5 - -4)?
1
Let r = 5 + 76. What is the units digit of r?
1
Suppose 0 = -i + 3*i - 12. What is the units digit of (20/(-6))/((-2)/i)?
0
Suppose -4*j + 10 = -0*j - h, -3*h + 12 = 2*j. Let d(p) = p + 1. Let q be d(j). Sup